 -5*d - 28 + 3 = 0, 0 = a + 5*d - 772. Let i = a + -732. What is the greatest common factor of 104 and i?
13
Let u(v) = -v**2 - v + 35. Let a be u(-6). Let t be 120 - 0*a/(-35). What is the greatest common divisor of 75 and t?
15
Let n(d) = -d + 10. Let r be n(7). Suppose -2*z + 20 = k, 0 = -0*z + r*z. Suppose 27*m + 17*m = 3080. Calculate the highest common divisor of m and k.
10
Suppose -30*d + 610785 - 26685 = 0. What is the highest common factor of d and 118?
118
Let a(x) = x**2 + 17*x + 3. Let m be 2*(-5)/60 + 202/(-12). Let t be a(m). What is the highest common divisor of 24 and t?
3
Let c(r) = 4*r**2 - 2*r - 3. Let g be c(-4). Let x be (-9)/3 + (406/(-145))/((-4)/70). Calculate the highest common divisor of x and g.
23
Let q = -149 - -156. Suppose 515 = 5*p + 3*j - q*j, p + 3*j = 84. Calculate the highest common divisor of p and 9.
9
Let j be -1634*(-18)/((-576)/(-112)). What is the greatest common divisor of j and 2709?
301
Let v be (12032/52)/4 + (-10)/(-65). Suppose -6*k + 2169 = 603. Calculate the greatest common divisor of k and v.
29
Suppose 0 = -c - 2, 10*u + 2*c = 5*u - 14. Let o(k) = 17*k**3 + 4*k**2 - 4. Let d be o(u). Let h = -121 - d. What is the highest common divisor of h and 51?
3
Let v(m) = -895*m + 5534. Let i be v(6). What is the greatest common factor of 369 and i?
41
Let j = 895 - 890. Suppose j*m - 491 = -5*s + s, -5*s + 193 = 2*m. Calculate the greatest common factor of 22 and m.
11
Suppose 762*o - 753*o = 126. Suppose 5*n - 42 = -2*p, 5*p - 4 = -n - o. Suppose 2*f = -2*f + 440. What is the greatest common divisor of f and n?
10
Let a be 2/5 + (-3)/(-5). Suppose -2*o + 47 - 752 = -3*z, 0 = 2*z + 4*o - 470. Let k = -224 + z. Calculate the highest common divisor of a and k.
1
Let j = -79 + 296. Let t be 17 + -20*6/(540/(-63)). What is the greatest common factor of j and t?
31
Suppose 34*b - 4055 - 3561 = 0. Calculate the greatest common divisor of 7 and b.
7
Let z(i) = 33*i + 98. Let k be 0*(-2 - (-35)/14). Let y be z(k). Calculate the greatest common factor of 70 and y.
14
Suppose -57*x - 148*x + 43472 = -29*x. Calculate the greatest common factor of x and 299.
13
Let a(t) = -t**2 - 19*t - 45. Let b be a(-15). Suppose b = 7*f - 104. What is the greatest common divisor of f and 306?
17
Let a(p) = -226*p + 1039. Let z be a(4). What is the highest common divisor of 837 and z?
27
Suppose 0 = 4*r - 8*s - 216, -4*r + 285 = r - 5*s. What is the greatest common divisor of 460 and r?
20
Suppose 4*f - 23678 = -1713 + 20471. What is the highest common divisor of f and 103?
103
Suppose 4*x + 7 = -z + 20, -4*z + 37 = x. What is the highest common divisor of z and 93?
3
Let m = 24 + 92. Suppose -4*b + m - 28 = 0. Suppose -r + 23 = -2*z, -5*z = -4*r + b + 58. What is the greatest common divisor of r and 15?
15
Let s = 6 - 18. Let n = 160 - s. Suppose -5*t + 207 = u, 4*t + 14 - n = 3*u. Calculate the greatest common factor of t and 123.
41
Suppose -41 = -3*k - 23. Let c be (((-9)/(-3))/k + 0)*12. Let b be ((-10)/6)/((-14)/c + 2). Calculate the highest common factor of b and 25.
5
Let s(r) = -443*r + 6304. Let f be s(14). Calculate the greatest common divisor of 1785 and f.
51
Let d be -16 + 18 + 1 + -2 - -296. Let i = -113 + d. What is the highest common factor of i and 8?
8
Let g be (-4)/8*(-3 - 5). Let q = 143 + -86. Suppose r = g*w - q, 2*r + 57 = 3*w + 6*r. What is the highest common divisor of 45 and w?
15
Suppose m = -4*y + 643, 5*y - 2*m = 557 + 237. Suppose -3*n + 0*n = x - 23, 2*x - 35 = 5*n. Calculate the highest common factor of x and y.
20
Let p = 42 + -42. Suppose -2*r - 2*g = -5*r + 6, p = -2*r - 3*g + 17. What is the highest common divisor of r and 44?
4
Let s(q) = q**2 + 39*q + 518. Let r be s(-16). Let z(v) = -44*v + 2. Let x be z(-2). What is the highest common factor of r and x?
30
Let c be (-35)/(-21)*(-399)/(-4) - 9/(-12). What is the greatest common divisor of c and 7849?
167
Let q(n) = -9*n**3 + 2*n**2. Let i be q(-2). Suppose 6 = 4*p - 3*f - 11, 3 = p - f. Suppose 12 = 2*o - p. What is the highest common factor of i and o?
10
Let n be (-12)/2 - (13 - 15419). Calculate the greatest common factor of 25 and n.
25
Let k = 1046 + -425. Let y = k - 573. Suppose -112 = -10*u + 5*u + 2*b, -4*u + 76 = -5*b. What is the greatest common divisor of y and u?
24
Suppose 142 = 3*m + 2*b, -m + 68 = 5*b + 25. Let c = -8050 - -8322. Calculate the greatest common divisor of m and c.
16
Suppose 8 = -2*h, 3*q - h - 7774 = q. What is the highest common divisor of q and 21?
21
Let z be 2116/24 + (-4)/24. Suppose 0 = -x - b + 27, 2*x + b + z = 6*x. Suppose -15*a - 312 = -x*a. What is the greatest common divisor of 234 and a?
39
Suppose -2*c + 9*c - 91 = 0. Let m(d) = -d**2 - 8*d - 12. Let w be m(-7). Let f be 19 - (-4 - 50/w). What is the greatest common factor of c and f?
13
Let m(n) = -n**3 - 60*n**2 - 431*n + 120. Let u be m(-52). Calculate the highest common divisor of 180 and u.
180
Let i(s) = -160*s + 530. Let v be i(-7). What is the highest common factor of 132 and v?
66
Let l(u) = -7*u**3 - 6*u**2 - 7*u + 20. Let t be l(-3). Let h(k) = -k**2 - 10*k - 5. Let j be h(-7). Calculate the highest common factor of j and t.
16
Suppose f + 5*w - 454 = 0, 4*f - 2*w - w = 1724. Suppose -15*j = -13*j - f. Calculate the greatest common factor of j and 7.
7
Suppose p - 2840 = 1425. Suppose -16*x + 20*x - 5*f - p = 0, 1 = -f. What is the highest common factor of 15 and x?
15
Let g(j) = j**3 - 56*j**2 + 176*j + 41. Let s be g(54). Calculate the highest common divisor of s and 47.
47
Let m = 12743 + -12721. Let i = 0 - 0. Suppose i = -d + 29 + 4. Calculate the greatest common divisor of m and d.
11
Let c = 51 + -33. Suppose 107*f - 68*f + 924 = 61*f. Calculate the greatest common divisor of f and c.
6
Let w(l) = -2*l**3 - 3*l**2 - 3*l - 6. Let b be w(-8). Suppose -29*k + 19*k - b = 0. Let f = k - -115. Calculate the highest common divisor of f and 45.
15
Suppose 4*x - 48*b = -45*b + 1274, -5*b = x - 330. Calculate the greatest common factor of x and 192.
64
Let a = 1947 + -1520. Calculate the greatest common factor of 122 and a.
61
Let y = 27984 - 27528. Calculate the greatest common factor of 96 and y.
24
Let x be ((-12)/7 - -2)/(-3 - (-1270)/420). Calculate the greatest common factor of x and 69.
3
Suppose 4*f - u + 2930 = 9*f, 2*f = 4*u + 1150. Let y = f + -528. What is the highest common divisor of 1311 and y?
57
Suppose 119*n - 117*n - 9088 = -4*u, -4*u - 24 = 0. Calculate the greatest common divisor of 68 and n.
68
Suppose -3*u + 105 = -93. Suppose 0 = 2*b - 4*b + u. What is the greatest common divisor of b and 12?
3
Suppose 0 = 9*r - 12*r. Suppose -v + 12 + 0 = r. What is the greatest common divisor of v and 360?
12
Suppose -43*c - 12 = -37*c. Let m be ((-25276)/10)/c + 5/25. Calculate the greatest common factor of m and 16.
16
Suppose 0*w + 126 = 2*w. Let s be 72/(1/3 - 0/(-9)). Let m be 10/4*s/60. Calculate the highest common factor of w and m.
9
Let y(n) = 144*n + 1356. Let m be y(-7). Calculate the greatest common factor of 12 and m.
12
Let v = -816 + 931. Let l(w) be the first derivative of w**3/3 + 6*w**2 - 22*w - 6. Let m be l(-15). What is the highest common factor of v and m?
23
Let x(v) = 15*v - 63. Let z(t) = -t. Let b(s) = x(s) + 6*z(s). Let c be b(8). What is the highest common factor of c and 243?
9
Let i be 12*1/8*2. Suppose 0 = 5*a - i*u - 438, 2*u + 41 = 49. What is the highest common divisor of a and 390?
30
Let x be 5/(4 - (-372)/(-92)). Let a be 6 - (-4 + 5) - x. Suppose 2*u - a = -16. What is the greatest common factor of u and 260?
52
Let s be (240/2280)/((-2)/(-19)) - (-1 - 496). What is the greatest common divisor of 18177 and s?
249
Let x be 1/5 + 164/5. Let n(m) = m**3 + m**2 - 2*m + 3. Let i be n(-3). Let f(s) = -3*s - 24. Let r be f(i). Calculate the greatest common factor of r and x.
3
Suppose 0 = p, -9023 + 2688 = -5*w + 3*p. Suppose 3*i - 554 = -b, -5*i + 963 + w = 4*b. Suppose 4*l = 11*l - b. What is the highest common divisor of 32 and l?
16
Let j = 6 + -15. Let r be 76/4 + j/3. What is the highest common factor of 4 and r?
4
Let k(a) = -5*a**3 - 10*a**2 + 17*a + 4. Let s be k(4). Let q = s + 1338. Calculate the highest common factor of 15 and q.
15
Let s(d) = 420*d**3 + 3*d**2 - 11*d + 7. Let g 